Dec 03 11:09:05.848 INFO testing gba-0.2.0 against master#8940af3cea4a9a9deabcaf843b2f8cad9a83fc61 for beta-1.31-5
Dec 03 11:09:05.849 INFO running `"docker" "create" "-v" "/mnt/big/crater/work/local/target-dirs/beta-1.31-5/worker-0/master#8940af3cea4a9a9deabcaf843b2f8cad9a83fc61:/target:rw,Z" "-v" "/mnt/big/crater/work/local/test-source/worker-0/beta-1.31-5/master#8940af3cea4a9a9deabcaf843b2f8cad9a83fc61:/source:ro,Z" "-v" "/mnt/big/crater/work/local/cargo-home:/cargo-home:ro,Z" "-v" "/mnt/big/crater/work/local/rustup-home:/rustup-home:ro,Z" "-e" "USER_ID=1000" "-e" "SOURCE_DIR=/source" "-e" "USER_ID=1000" "-e" "CMD=cargo +8940af3cea4a9a9deabcaf843b2f8cad9a83fc61-alt build --frozen" "-e" "CARGO_TARGET_DIR=/target" "-e" "CARGO_INCREMENTAL=0" "-e" "RUST_BACKTRACE=full" "-e" "RUSTFLAGS=--cap-lints=warn" "-e" "CARGO_HOME=/cargo-home" "-e" "RUSTUP_HOME=/rustup-home" "-m" "1536M" "--network" "none" "crater"`
Dec 03 11:09:06.355 INFO [stdout] 25a03b0015a21cb52287cd68d7b7b6694c243fa3cee47948af6ebfe9f4d66c9b
Dec 03 11:09:06.357 INFO running `"docker" "start" "-a" "25a03b0015a21cb52287cd68d7b7b6694c243fa3cee47948af6ebfe9f4d66c9b"`
Dec 03 11:09:07.491 INFO [stderr] usermod: no changes
Dec 03 11:09:07.631 INFO [stderr]    Compiling gba-proc-macro v0.1.1
Dec 03 11:09:12.343 INFO [stderr]    Compiling gba v0.2.0 (/source)
Dec 03 11:09:12.690 INFO [stderr]     Finished dev [unoptimized + debuginfo] target(s) in 5.17s
Dec 03 11:09:12.694 INFO [stderr] su: No module specific data is present
Dec 03 11:09:13.103 INFO running `"docker" "inspect" "25a03b0015a21cb52287cd68d7b7b6694c243fa3cee47948af6ebfe9f4d66c9b"`
Dec 03 11:09:13.336 INFO running `"docker" "rm" "-f" "25a03b0015a21cb52287cd68d7b7b6694c243fa3cee47948af6ebfe9f4d66c9b"`
Dec 03 11:09:13.648 INFO [stdout] 25a03b0015a21cb52287cd68d7b7b6694c243fa3cee47948af6ebfe9f4d66c9b
Dec 03 11:09:13.653 INFO running `"docker" "create" "-v" "/mnt/big/crater/work/local/target-dirs/beta-1.31-5/worker-0/master#8940af3cea4a9a9deabcaf843b2f8cad9a83fc61:/target:rw,Z" "-v" "/mnt/big/crater/work/local/test-source/worker-0/beta-1.31-5/master#8940af3cea4a9a9deabcaf843b2f8cad9a83fc61:/source:ro,Z" "-v" "/mnt/big/crater/work/local/cargo-home:/cargo-home:ro,Z" "-v" "/mnt/big/crater/work/local/rustup-home:/rustup-home:ro,Z" "-e" "USER_ID=1000" "-e" "SOURCE_DIR=/source" "-e" "USER_ID=1000" "-e" "CMD=cargo +8940af3cea4a9a9deabcaf843b2f8cad9a83fc61-alt test --frozen --no-run" "-e" "CARGO_TARGET_DIR=/target" "-e" "CARGO_INCREMENTAL=0" "-e" "RUST_BACKTRACE=full" "-e" "RUSTFLAGS=--cap-lints=warn" "-e" "CARGO_HOME=/cargo-home" "-e" "RUSTUP_HOME=/rustup-home" "-m" "1536M" "--network" "none" "crater"`
Dec 03 11:09:14.047 INFO [stdout] 30d064f500cab8de60e32cdaaf85de8c084dc2aa100b0dd209e5899ac289ca10
Dec 03 11:09:14.052 INFO running `"docker" "start" "-a" "30d064f500cab8de60e32cdaaf85de8c084dc2aa100b0dd209e5899ac289ca10"`
Dec 03 11:09:15.101 INFO [stderr] usermod: no changes
Dec 03 11:09:15.207 INFO [stderr]    Compiling gba v0.2.0 (/source)
Dec 03 11:09:15.563 INFO [stderr] error[E0554]: #![feature] may not be used on the beta release channel
Dec 03 11:09:15.563 INFO [stderr]  --> examples/hello1.rs:1:1
Dec 03 11:09:15.563 INFO [stderr]   |
Dec 03 11:09:15.563 INFO [stderr] 1 | #![feature(start)]
Dec 03 11:09:15.563 INFO [stderr]   | ^^^^^^^^^^^^^^^^^^
Dec 03 11:09:15.563 INFO [stderr] 
Dec 03 11:09:15.563 INFO [stderr] error: aborting due to previous error
Dec 03 11:09:15.563 INFO [stderr] 
Dec 03 11:09:15.563 INFO [stderr] For more information about this error, try `rustc --explain E0554`.
Dec 03 11:09:15.563 INFO [stderr] error[E0554]: #![feature] may not be used on the beta release channel
Dec 03 11:09:15.563 INFO [stderr]  --> examples/hello2.rs:1:1
Dec 03 11:09:15.563 INFO [stderr]   |
Dec 03 11:09:15.563 INFO [stderr] 1 | #![feature(start)]
Dec 03 11:09:15.563 INFO [stderr]   | ^^^^^^^^^^^^^^^^^^
Dec 03 11:09:15.563 INFO [stderr] 
Dec 03 11:09:15.563 INFO [stderr] error: aborting due to previous error
Dec 03 11:09:15.563 INFO [stderr] 
Dec 03 11:09:15.563 INFO [stderr] For more information about this error, try `rustc --explain E0554`.
Dec 03 11:09:15.571 INFO [stderr] error[E0554]: #![feature] may not be used on the beta release channel
Dec 03 11:09:15.571 INFO [stderr]  --> examples/light_cycle.rs:1:1
Dec 03 11:09:15.571 INFO [stderr]   |
Dec 03 11:09:15.571 INFO [stderr] 1 | #![feature(start)]
Dec 03 11:09:15.571 INFO [stderr]   | ^^^^^^^^^^^^^^^^^^
Dec 03 11:09:15.571 INFO [stderr] 
Dec 03 11:09:15.571 INFO [stderr] error: aborting due to previous error
Dec 03 11:09:15.571 INFO [stderr] 
Dec 03 11:09:15.571 INFO [stderr] For more information about this error, try `rustc --explain E0554`.
Dec 03 11:09:15.571 INFO [stderr] error: Could not compile `gba`.
Dec 03 11:09:15.571 INFO [stderr] warning: build failed, waiting for other jobs to finish...
Dec 03 11:09:15.575 INFO [stderr] error: Could not compile `gba`.
Dec 03 11:09:15.575 INFO [stderr] warning: build failed, waiting for other jobs to finish...
Dec 03 11:09:15.576 INFO [stderr] error: Could not compile `gba`.
Dec 03 11:09:15.576 INFO [stderr] warning: build failed, waiting for other jobs to finish...
Dec 03 11:09:16.975 INFO [stderr] error: build failed
Dec 03 11:09:16.976 INFO [stderr] su: No module specific data is present
Dec 03 11:09:18.100 INFO running `"docker" "inspect" "30d064f500cab8de60e32cdaaf85de8c084dc2aa100b0dd209e5899ac289ca10"`
Dec 03 11:09:18.357 INFO running `"docker" "rm" "-f" "30d064f500cab8de60e32cdaaf85de8c084dc2aa100b0dd209e5899ac289ca10"`
Dec 03 11:09:18.703 INFO [stdout] 30d064f500cab8de60e32cdaaf85de8c084dc2aa100b0dd209e5899ac289ca10
